{"id":102,"date":"2025-03-19T10:35:12","date_gmt":"2025-03-19T10:35:12","guid":{"rendered":"https:\/\/agitated-proskuriakova.144-76-105-66.plesk.page\/?page_id=102"},"modified":"2025-04-10T14:26:38","modified_gmt":"2025-04-10T14:26:38","slug":"uber-uns","status":"publish","type":"page","link":"https:\/\/annievation-lev.de\/?page_id=102","title":{"rendered":"\u00dcber uns"},"content":{"rendered":"<p>[et_pb_section fb_built=&#8221;1&#8243; fullwidth=&#8221;on&#8221; _builder_version=&#8221;4.27.4&#8243; _module_preset=&#8221;default&#8221; background_enable_color=&#8221;off&#8221; background_image=&#8221;https:\/\/annievation-lev.de\/wp-content\/uploads\/2025\/04\/IMG_3095-scaled.avif&#8221; height=&#8221;60vh&#8221; height_tablet=&#8221;61em&#8221; height_phone=&#8221;258px&#8221; height_last_edited=&#8221;on|phone&#8221; global_colors_info=&#8221;{}&#8221;][et_pb_fullwidth_slider _builder_version=&#8221;4.27.4&#8243; _module_preset=&#8221;default&#8221; header_text_color=&#8221;#bd1620&#8243; global_colors_info=&#8221;{}&#8221;][\/et_pb_fullwidth_slider][\/et_pb_section][et_pb_section fb_built=&#8221;1&#8243; disabled_on=&#8221;off|off|off&#8221; _builder_version=&#8221;4.27.4&#8243; _module_preset=&#8221;default&#8221; background_color=&#8221;gcid-8a0bf54d-f1a1-40a9-b177-37a8d2d7ea65&#8243; custom_padding=&#8221;0px||4px|||&#8221; global_colors_info=&#8221;{%22gcid-8a0bf54d-f1a1-40a9-b177-37a8d2d7ea65%22:%91%22background_color%22%93}&#8221;][et_pb_row _builder_version=&#8221;4.27.4&#8243; _module_preset=&#8221;default&#8221; global_colors_info=&#8221;{}&#8221;][et_pb_column type=&#8221;4_4&#8243; _builder_version=&#8221;4.27.4&#8243; _module_preset=&#8221;default&#8221; global_colors_info=&#8221;{}&#8221;][et_pb_text _builder_version=&#8221;4.27.4&#8243; _module_preset=&#8221;default&#8221; header_font=&#8221;Amatic SC|&#8211;et_global_heading_font_weight|||||||&#8221; header_2_font=&#8221;Amatic SC|&#8211;et_global_heading_font_weight|||||||&#8221; header_2_text_color=&#8221;#BD1620&#8243; header_2_letter_spacing=&#8221;3px&#8221; header_3_font=&#8221;Amatic SC|&#8211;et_global_heading_font_weight|||||||&#8221; header_2_font_size_phone=&#8221;30px&#8221; global_colors_info=&#8221;{%22gcid-primary-color%22:%91%22link_text_color%22,%22link_text_color%22%93,%22gcid-heading-color%22:%91%22header_text_color%22,%22header_4_text_color%22,%22header_3_text_color%22,%22header_5_text_color%22,%22header_6_text_color%22,%22quote_text_color%22,%22header_text_color%22,%22header_4_text_color%22,%22header_3_text_color%22,%22header_5_text_color%22,%22header_6_text_color%22,%22quote_text_color%22%93,%22gcid-body-color%22:%91%22text_text_color%22,%22text_text_color%22%93,%22gcid-secondary-color%22:%91%22quote_border_color%22,%22quote_border_color%22%93}&#8221;]<\/p>\n<h2 style=\"text-align: center;\"><strong>\u00dcber Annievation<\/strong><\/h2>\n<p>[\/et_pb_text][\/et_pb_column][\/et_pb_row][et_pb_row _builder_version=&#8221;4.27.4&#8243; _module_preset=&#8221;default&#8221; custom_margin=&#8221;|auto|-5px|auto||&#8221; custom_padding=&#8221;4px||6px|||&#8221; global_colors_info=&#8221;{}&#8221;][et_pb_column type=&#8221;4_4&#8243; _builder_version=&#8221;4.27.4&#8243; _module_preset=&#8221;default&#8221; global_colors_info=&#8221;{}&#8221;][et_pb_divider color=&#8221;#BD1620&#8243; _builder_version=&#8221;4.27.4&#8243; _module_preset=&#8221;default&#8221; global_colors_info=&#8221;{}&#8221;][\/et_pb_divider][\/et_pb_column][\/et_pb_row][\/et_pb_section][et_pb_section fb_built=&#8221;1&#8243; _builder_version=&#8221;4.27.4&#8243; _module_preset=&#8221;default&#8221; background_color=&#8221;gcid-8a0bf54d-f1a1-40a9-b177-37a8d2d7ea65&#8243; custom_padding=&#8221;6px||7px|||&#8221; global_colors_info=&#8221;{%22gcid-8a0bf54d-f1a1-40a9-b177-37a8d2d7ea65%22:%91%22background_color%22%93}&#8221;][et_pb_row _builder_version=&#8221;4.27.4&#8243; _module_preset=&#8221;default&#8221; custom_padding=&#8221;11px||7px|||&#8221; global_colors_info=&#8221;{}&#8221;][et_pb_column type=&#8221;4_4&#8243; _builder_version=&#8221;4.27.4&#8243; _module_preset=&#8221;default&#8221; global_colors_info=&#8221;{}&#8221;][et_pb_text _builder_version=&#8221;4.27.4&#8243; _module_preset=&#8221;default&#8221; text_font=&#8221;Poppins|300|||||||&#8221; text_font_size=&#8221;22px&#8221; global_colors_info=&#8221;{}&#8221;]<\/p>\n<p data-pm-slice=\"1 1 []\"><span>Annievation gibt es in Leverkusen seit 2007. Urspr\u00fcnglich startete das Projekt 1999 auf Kreta und richtete sich schon damals an Kinder und Jugendliche, die aufgrund individueller Umst\u00e4nde nicht mehr an Regelschulen angebunden werden konnten. Dieses wesentliche Merkmal verbindet auch heute noch alle Jugendlichen, die ihren Weg zu Annievation finden. Die Einrichtung bietet ihnen einen sicheren Raum, individuelle F\u00f6rderung und neue Perspektiven f\u00fcr ihre Zukunft.<\/span><\/p>\n<p><span>Gegr\u00fcndet wurde Annievation von Dipl.-Psych. Annie Splettst\u00f6\u00dfer, die mit Ideenreichtum, viel Erfahrung und Mut das einzigartige Projekt ins Leben gerufen hat. Ihre Vision war und ist es, jungen Menschen eine zweite Chance zu geben, indem sie individuelle Potenziale erkennt und f\u00f6rdert. Der Name Annievation steht dabei symbolisch f\u00fcr Innovation, Kreativit\u00e4t und pers\u00f6nliche Weiterentwicklung, die Annie seit den Anf\u00e4ngen des Projekts mit Leidenschaft verfolgt.<\/span><\/p>\n<p><span>Seit M\u00e4rz 2025 hat Sandra Piculjan die Leitung von Annievation \u00fcbernommen. Sandra bringt frische Ideen und wertvolle Erfahrungen in das Projekt ein und setzt dabei auf bew\u00e4hrte Methoden sowie innovative Ans\u00e4tze, um das Angebot kontinuierlich weiterzuentwickeln. Annie Splettst\u00f6\u00dfer begleitet diesen \u00dcbergang beratend und bleibt als p\u00e4dagogische Leitung ein essenzieller Teil des Teams, wodurch Kontinuit\u00e4t und Qualit\u00e4t gesichert sind.<\/span><\/p>\n<p><span>Das Team von Annievation besteht aus erfahrenen Fachkr\u00e4ften aus den Bereichen P\u00e4dagogik, Psychologie und sozialer Arbeit, die mit Herz und Kompetenz auf die individuellen Bed\u00fcrfnisse der Jugendlichen eingehen. Ziel ist es, durch gezielte Ma\u00dfnahmen und pers\u00f6nliches Engagement Vertrauen aufzubauen, Eigenst\u00e4ndigkeit zu f\u00f6rdern und gemeinsam Perspektiven f\u00fcr einen erfolgreichen Lebensweg zu entwickeln.<\/span><\/p>\n<p><span>Bei Annievation steht der Mensch im Mittelpunkt. Die Einrichtung versteht sich als eine lebendige Gemeinschaft, die gepr\u00e4gt ist von Respekt, Wertsch\u00e4tzung und Offenheit. Durch enge Zusammenarbeit mit Familien, Schulen und anderen Institutionen sorgt Annievation daf\u00fcr, dass junge Menschen nachhaltig gest\u00e4rkt werden und ihren eigenen, individuellen Weg erfolgreich gehen k\u00f6nnen.<\/span><\/p>\n<p>[\/et_pb_text][et_pb_divider color=&#8221;#BD1620&#8243; _builder_version=&#8221;4.27.4&#8243; _module_preset=&#8221;default&#8221; global_colors_info=&#8221;{}&#8221;][\/et_pb_divider][\/et_pb_column][\/et_pb_row][et_pb_row _builder_version=&#8221;4.27.4&#8243; _module_preset=&#8221;default&#8221;][et_pb_column _builder_version=&#8221;4.27.4&#8243; _module_preset=&#8221;default&#8221; type=&#8221;4_4&#8243;][et_pb_gallery _builder_version=&#8221;4.27.4&#8243; _module_preset=&#8221;default&#8221; gallery_ids=&#8221;230,229,228,222&#8243; show_pagination=&#8221;off&#8221; show_title_and_caption=&#8221;off&#8221; hover_enabled=&#8221;0&#8243; sticky_enabled=&#8221;0&#8243;][\/et_pb_gallery][\/et_pb_column][\/et_pb_row][\/et_pb_section]<\/p>\n","protected":false},"excerpt":{"rendered":"<p>\u00dcber AnnievationAnnievation gibt es in Leverkusen seit 2007. Urspr\u00fcnglich startete das Projekt 1999 auf Kreta und richtete sich schon damals an Kinder und Jugendliche, die aufgrund individueller Umst\u00e4nde nicht mehr an Regelschulen angebunden werden konnten. Dieses wesentliche Merkmal verbindet auch heute noch alle Jugendlichen, die ihren Weg zu Annievation finden. Die Einrichtung bietet ihnen einen [&hellip;]<\/p>\n","protected":false},"author":1,"featured_media":0,"parent":0,"menu_order":0,"comment_status":"closed","ping_status":"closed","template":"","meta":{"_et_pb_use_builder":"on","_et_pb_old_content":"<!-- wp:divi\/placeholder \/-->","_et_gb_content_width":"","inline_featured_image":false,"footnotes":""},"class_list":["post-102","page","type-page","status-publish","hentry"],"_links":{"self":[{"href":"https:\/\/annievation-lev.de\/index.php?rest_route=\/wp\/v2\/pages\/102","targetHints":{"allow":["GET"]}}],"collection":[{"href":"https:\/\/annievation-lev.de\/index.php?rest_route=\/wp\/v2\/pages"}],"about":[{"href":"https:\/\/annievation-lev.de\/index.php?rest_route=\/wp\/v2\/types\/page"}],"author":[{"embeddable":true,"href":"https:\/\/annievation-lev.de\/index.php?rest_route=\/wp\/v2\/users\/1"}],"replies":[{"embeddable":true,"href":"https:\/\/annievation-lev.de\/index.php?rest_route=%2Fwp%2Fv2%2Fcomments&post=102"}],"version-history":[{"count":14,"href":"https:\/\/annievation-lev.de\/index.php?rest_route=\/wp\/v2\/pages\/102\/revisions"}],"predecessor-version":[{"id":481,"href":"https:\/\/annievation-lev.de\/index.php?rest_route=\/wp\/v2\/pages\/102\/revisions\/481"}],"wp:attachment":[{"href":"https:\/\/annievation-lev.de\/index.php?rest_route=%2Fwp%2Fv2%2Fmedia&parent=102"}],"curies":[{"name":"wp","href":"https:\/\/api.w.org\/{rel}","templated":true}]}}