{"id":104,"date":"2025-03-19T10:35:37","date_gmt":"2025-03-19T10:35:37","guid":{"rendered":"https:\/\/agitated-proskuriakova.144-76-105-66.plesk.page\/?page_id=104"},"modified":"2025-04-10T13:07:14","modified_gmt":"2025-04-10T13:07:14","slug":"projekte-und-philosophie","status":"publish","type":"page","link":"https:\/\/annievation-lev.de\/?page_id=104","title":{"rendered":"Projekte und Philosophie"},"content":{"rendered":"<p>[et_pb_section fb_built=&#8221;1&#8243; fullwidth=&#8221;on&#8221; _builder_version=&#8221;4.27.4&#8243; _module_preset=&#8221;default&#8221; background_enable_color=&#8221;off&#8221; background_image=&#8221;https:\/\/annievation-lev.de\/wp-content\/uploads\/2025\/04\/IMG_3095-scaled.avif&#8221; height=&#8221;60vh&#8221; height_tablet=&#8221;61em&#8221; height_phone=&#8221;258px&#8221; height_last_edited=&#8221;on|phone&#8221; global_colors_info=&#8221;{}&#8221;][et_pb_fullwidth_slider _builder_version=&#8221;4.27.4&#8243; _module_preset=&#8221;default&#8221; header_text_color=&#8221;#bd1620&#8243; global_colors_info=&#8221;{}&#8221;][\/et_pb_fullwidth_slider][\/et_pb_section][et_pb_section fb_built=&#8221;1&#8243; disabled_on=&#8221;off|off|off&#8221; _builder_version=&#8221;4.27.4&#8243; _module_preset=&#8221;default&#8221; background_color=&#8221;gcid-8a0bf54d-f1a1-40a9-b177-37a8d2d7ea65&#8243; custom_padding=&#8221;0px||4px|||&#8221; global_colors_info=&#8221;{%22gcid-8a0bf54d-f1a1-40a9-b177-37a8d2d7ea65%22:%91%22background_color%22%93}&#8221;][et_pb_row _builder_version=&#8221;4.27.4&#8243; _module_preset=&#8221;default&#8221; global_colors_info=&#8221;{}&#8221;][et_pb_column type=&#8221;4_4&#8243; _builder_version=&#8221;4.27.4&#8243; _module_preset=&#8221;default&#8221; global_colors_info=&#8221;{}&#8221;][et_pb_text _builder_version=&#8221;4.27.4&#8243; _module_preset=&#8221;default&#8221; header_font=&#8221;Amatic SC|&#8211;et_global_heading_font_weight|||||||&#8221; header_2_font=&#8221;Amatic SC|&#8211;et_global_heading_font_weight|||||||&#8221; header_2_text_color=&#8221;#BD1620&#8243; header_2_letter_spacing=&#8221;3px&#8221; header_3_font=&#8221;Amatic SC|&#8211;et_global_heading_font_weight|||||||&#8221; header_2_font_size_phone=&#8221;30px&#8221; global_colors_info=&#8221;{%22gcid-primary-color%22:%91%22link_text_color%22,%22link_text_color%22%93,%22gcid-heading-color%22:%91%22header_text_color%22,%22header_4_text_color%22,%22header_3_text_color%22,%22header_5_text_color%22,%22header_6_text_color%22,%22quote_text_color%22,%22header_text_color%22,%22header_4_text_color%22,%22header_3_text_color%22,%22header_5_text_color%22,%22header_6_text_color%22,%22quote_text_color%22%93,%22gcid-body-color%22:%91%22text_text_color%22,%22text_text_color%22%93,%22gcid-secondary-color%22:%91%22quote_border_color%22,%22quote_border_color%22%93}&#8221;]<\/p>\n<h2 style=\"text-align: center;\"><strong>Projekte und Philosophie<\/strong><\/h2>\n<p>[\/et_pb_text][\/et_pb_column][\/et_pb_row][et_pb_row _builder_version=&#8221;4.27.4&#8243; _module_preset=&#8221;default&#8221; custom_margin=&#8221;|auto|-5px|auto||&#8221; custom_padding=&#8221;4px||6px|||&#8221; global_colors_info=&#8221;{}&#8221;][et_pb_column type=&#8221;4_4&#8243; _builder_version=&#8221;4.27.4&#8243; _module_preset=&#8221;default&#8221; global_colors_info=&#8221;{}&#8221;][et_pb_divider color=&#8221;#BD1620&#8243; _builder_version=&#8221;4.27.4&#8243; _module_preset=&#8221;default&#8221; global_colors_info=&#8221;{}&#8221;][\/et_pb_divider][\/et_pb_column][\/et_pb_row][\/et_pb_section][et_pb_section fb_built=&#8221;1&#8243; _builder_version=&#8221;4.27.4&#8243; _module_preset=&#8221;default&#8221; background_color=&#8221;gcid-8a0bf54d-f1a1-40a9-b177-37a8d2d7ea65&#8243; global_colors_info=&#8221;{%22gcid-8a0bf54d-f1a1-40a9-b177-37a8d2d7ea65%22:%91%22background_color%22%93}&#8221;][et_pb_row _builder_version=&#8221;4.27.4&#8243; _module_preset=&#8221;default&#8221; global_colors_info=&#8221;{}&#8221;][et_pb_column type=&#8221;4_4&#8243; _builder_version=&#8221;4.27.4&#8243; _module_preset=&#8221;default&#8221; global_colors_info=&#8221;{}&#8221;][et_pb_blurb image=&#8221;https:\/\/annievation-lev.de\/wp-content\/uploads\/2025\/04\/IMG_1196-768&#215;1024.avif&#8221; icon_alignment=&#8221;center&#8221; _builder_version=&#8221;4.27.4&#8243; _module_preset=&#8221;default&#8221; body_font=&#8221;Poppins|300|||||||&#8221; body_font_size=&#8221;22px&#8221; hover_enabled=&#8221;0&#8243; global_colors_info=&#8221;{}&#8221; box_shadow_style_image=&#8221;preset3&#8243; sticky_enabled=&#8221;0&#8243;]<\/p>\n<p style=\"text-align: center;\">Annievation ist das Zuhause von 8 Jugendlichen. Wir verf\u00fcgen \u00fcber f\u00fcnf Zimmer f\u00fcr<br \/>Jugendliche im Gruppenhaus sowie drei ger\u00e4umige Appartements im Nebengeb\u00e4ude. Es gibt<br \/>also einerseits die M\u00f6glichkeit der Anbindung an die Intensivwohngruppe und andererseits<br \/>die M\u00f6glichkeit, im Rahmen der Verselbstst\u00e4ndigung ein Appartement zu beziehen.<\/p>\n<p style=\"text-align: center;\">Annievation richtet sich insbesonders an chronische Schulschw\u00e4nzer mit Schulphobien und<br \/>anderen gravierenden Problemen, f\u00fcr die ein herk\u00f6mmliches Lernsystem nicht mehr in<br \/>Frage kommt. Die individuell zugeschnittene Betreuung erfolgt in Kleingruppen, welche von<br \/>qualifiziertem Personal begleitet werden. Die Erfahrung aus mittlerweile mehr als zwei<br \/>Jahrzehnten zeigt, dass auch Jugendliche, die viele negative Erfahrungen sammeln mussten<br \/>und im herk\u00f6mmlichen Schulsystem als hoffnungslose F\u00e4lle galten, das Projekt mit einem<br \/>Schulabschluss verlassen k\u00f6nnen. Ein Schulabschluss ist ein wesentlicher Bestandteil, um in<br \/>unserer Gesellschaft auch zuk\u00fcnftig zurechtzukommen und daher ein wichtiger Fokus unserer Arbeit.<\/p>\n<p style=\"text-align: center;\">Die Jugendlichen, die zu uns kommen, haben in der Regel bereits vorangegangene<br \/>Ma\u00dfnahmen ohne Erfolg verlassen, sodass Annievation f\u00fcr viele von ihnen als \u201eletzte<br \/>Chance\u201c angesehen wird. Aufgrund unserer besonderen F\u00f6rderungsm\u00f6glichkeiten im<br \/>entwicklungspsychologischen und bildungsrelevanten Bereich k\u00f6nnen wir den Jugendlichen eine individuelle F\u00f6rderung anbieten und gemeinsam mit ihnen Strategien erarbeiten, um<br \/>ihre Ziele k\u00fcnftig zu erreichen.<\/p>\n<p>[\/et_pb_blurb][\/et_pb_column][\/et_pb_row][et_pb_row _builder_version=&#8221;4.27.4&#8243; _module_preset=&#8221;default&#8221; global_colors_info=&#8221;{}&#8221;][et_pb_column type=&#8221;4_4&#8243; _builder_version=&#8221;4.27.4&#8243; _module_preset=&#8221;default&#8221; global_colors_info=&#8221;{}&#8221;][et_pb_blurb image=&#8221;https:\/\/annievation-lev.de\/wp-content\/uploads\/2025\/04\/IMG_9137-768&#215;1024.avif&#8221; icon_alignment=&#8221;center&#8221; _builder_version=&#8221;4.27.4&#8243; _module_preset=&#8221;default&#8221; body_font=&#8221;Poppins|300|||||||&#8221; body_font_size=&#8221;22px&#8221; global_colors_info=&#8221;{}&#8221; box_shadow_style_image=&#8221;preset3&#8243;]<\/p>\n<p style=\"text-align: center;\">Der Alltag bei Annievation gibt den Jugendlichen eine klare Struktur vor, die bei vielen von<br \/>ihnen schon lange nicht mehr zum Alltag geh\u00f6rt hat. Neben gemeinsamen Mahlzeiten<br \/>geh\u00f6ren der Schulalltag sowie verschiedene Freizeitangebote zum t\u00e4glichen Ablauf in der<br \/>Gruppe. Durch verschiedene Dienste werden die Jugendlichen St\u00fcck f\u00fcr St\u00fcck wieder an<br \/>mehr Eigenverantwortlichkeit sowie Selbstwirksamkeit herangef\u00fchrt. Jedes Kind gibt hierbei<br \/>sein individuelles Tempo vor, an welchem sich alle p\u00e4dagogischen Ma\u00dfnahmen und Angebote orientieren.<\/p>\n<p>[\/et_pb_blurb][\/et_pb_column][\/et_pb_row][et_pb_row _builder_version=&#8221;4.27.4&#8243; _module_preset=&#8221;default&#8221; custom_padding=&#8221;2px|||||&#8221; global_colors_info=&#8221;{}&#8221;][et_pb_column type=&#8221;4_4&#8243; _builder_version=&#8221;4.27.4&#8243; _module_preset=&#8221;default&#8221; global_colors_info=&#8221;{}&#8221;][et_pb_blurb image=&#8221;https:\/\/annievation-lev.de\/wp-content\/uploads\/2025\/04\/Campino.webp&#8221; icon_alignment=&#8221;center&#8221; _builder_version=&#8221;4.27.4&#8243; _module_preset=&#8221;default&#8221; body_font=&#8221;Poppins|300|||||||&#8221; body_font_size=&#8221;22px&#8221; global_colors_info=&#8221;{}&#8221; box_shadow_style_image=&#8221;preset3&#8243;]<\/p>\n<p style=\"text-align: center;\">Neben kunstp\u00e4dagogischen und abenteuerp\u00e4dagogischen Angeboten legen wir bei<br \/>Annievation gro\u00dfen Wert auf die Unterst\u00fctzung von Vierbeinern. Die tiergest\u00fctzte P\u00e4dagogik<br \/>ist ein fester Bestandteil des Gruppenalltags. Neben den drei Pferden Rosi, Bono und<br \/>Campino geh\u00f6ren die Hunde Action und Fiona zum Team. Die Tiere leisten unglaublich<br \/>wichtige Arbeit und bieten auch au\u00dferhalb der p\u00e4dagogischen Angebote einen Ort zum Durchatmen.<\/p>\n<p>[\/et_pb_blurb][\/et_pb_column][\/et_pb_row][et_pb_row _builder_version=&#8221;4.27.4&#8243; _module_preset=&#8221;default&#8221; custom_padding=&#8221;2px|||||&#8221; global_colors_info=&#8221;{}&#8221;][et_pb_column type=&#8221;4_4&#8243; _builder_version=&#8221;4.27.4&#8243; _module_preset=&#8221;default&#8221; global_colors_info=&#8221;{}&#8221;][et_pb_blurb image=&#8221;https:\/\/annievation-lev.de\/wp-content\/uploads\/2025\/04\/Action-und-Fiona-1440&#215;1080.webp&#8221; icon_alignment=&#8221;center&#8221; _builder_version=&#8221;4.27.4&#8243; _module_preset=&#8221;default&#8221; body_font=&#8221;Poppins|300|||||||&#8221; body_font_size=&#8221;22px&#8221; global_colors_info=&#8221;{}&#8221; box_shadow_style_image=&#8221;preset3&#8243;]<\/p>\n<p style=\"text-align: center;\">Wir legen gro\u00dfen Wert auf Vertrauen, Ehrlichkeit und Achtsamkeit und wollen allen<br \/>Jugendlichen, die bei uns wohnen, die M\u00f6glichkeit zur Partizipation einr\u00e4umen.<br \/>Annievation ist nicht nur ein Ort, an dem die Jugendlichen wohnen und lernen sollen,<br \/>Annievation ist ein Zuhause, das Sicherheit und Geborgenheit bietet.<\/p>\n<p>[\/et_pb_blurb][\/et_pb_column][\/et_pb_row][\/et_pb_section]<\/p>\n","protected":false},"excerpt":{"rendered":"<p>Projekte und PhilosophieAnnievation ist das Zuhause von 8 Jugendlichen. Wir verf\u00fcgen \u00fcber f\u00fcnf Zimmer f\u00fcrJugendliche im Gruppenhaus sowie drei ger\u00e4umige Appartements im Nebengeb\u00e4ude. Es gibtalso einerseits die M\u00f6glichkeit der Anbindung an die Intensivwohngruppe und andererseitsdie M\u00f6glichkeit, im Rahmen der Verselbstst\u00e4ndigung ein Appartement zu beziehen. Annievation richtet sich insbesonders an chronische Schulschw\u00e4nzer mit Schulphobien undanderen gravierenden [&hellip;]<\/p>\n","protected":false},"author":1,"featured_media":0,"parent":0,"menu_order":0,"comment_status":"closed","ping_status":"closed","template":"","meta":{"_et_pb_use_builder":"on","_et_pb_old_content":"<!-- wp:divi\/placeholder \/-->","_et_gb_content_width":"","inline_featured_image":false,"footnotes":""},"class_list":["post-104","page","type-page","status-publish","hentry"],"_links":{"self":[{"href":"https:\/\/annievation-lev.de\/index.php?rest_route=\/wp\/v2\/pages\/104","targetHints":{"allow":["GET"]}}],"collection":[{"href":"https:\/\/annievation-lev.de\/index.php?rest_route=\/wp\/v2\/pages"}],"about":[{"href":"https:\/\/annievation-lev.de\/index.php?rest_route=\/wp\/v2\/types\/page"}],"author":[{"embeddable":true,"href":"https:\/\/annievation-lev.de\/index.php?rest_route=\/wp\/v2\/users\/1"}],"replies":[{"embeddable":true,"href":"https:\/\/annievation-lev.de\/index.php?rest_route=%2Fwp%2Fv2%2Fcomments&post=104"}],"version-history":[{"count":13,"href":"https:\/\/annievation-lev.de\/index.php?rest_route=\/wp\/v2\/pages\/104\/revisions"}],"predecessor-version":[{"id":472,"href":"https:\/\/annievation-lev.de\/index.php?rest_route=\/wp\/v2\/pages\/104\/revisions\/472"}],"wp:attachment":[{"href":"https:\/\/annievation-lev.de\/index.php?rest_route=%2Fwp%2Fv2%2Fmedia&parent=104"}],"curies":[{"name":"wp","href":"https:\/\/api.w.org\/{rel}","templated":true}]}}